 0?
-3
4 - (-1 + 2) - 5
-2
Calculate (0 - -1) + 5 + -29 + 28.
5
What is (1 - 1 - 6) + 10?
4
Evaluate -8 - (4 - (6 + 1)).
-5
What is 0 - 9 - -3 - -5?
-1
What is -2 + -10 + (3 - -2)?
-7
What is the value of 14 + -6 - -1 - 15?
-6
10 + -10 - (-2 + (1 - -2))
-1
What is the value of 3 - 1 - (18 - 19)?
3
Evaluate (3 - 5 - -2) + 4 - 0.
4
Evaluate 2 + -3 + -2 + -3 + 4.
-2
Calculate 13 + -17 + 14 + -4.
6
Calculate 0 + 5 + -5 - -1.
1
What is the value of 4 - ((-4 - 0) + (5 - 1))?
4
-10 + 7 - (2 + 1)
-6
What is the value of -45 + 50 - (3 - 1)?
3
Evaluate -5 + -5 + 14 + -2 + -5.
-3
(4 - 4) + -1 + 1
0
Evaluate (-4 - -1) + 1 + (-1 - -2).
-1
-10 - (-5 - (7 + -4))
-2
-2 + (1 - (1 + -4 + 3))
-1
Evaluate -4 - (-3 - (1 - 5)).
-5
4 - (2 + -5 + 6)
1
Evaluate -10 + 4 + -2 - -7.
-1
Evaluate (-8 - (0 - 9)) + 2.
3
Calculate 3 - (-10 - -13 - (5 - 1)).
4
What is (-3 - ((5 - 3) + 0)) + -4?
-9
-1 + -4 + 5 + 1 + 3
4
Evaluate (-3 - (-1 - 0)) + 0 + 3.
1
Calculate -1 + 1 + 4 - -1.
5
Evaluate -2 - (6 + 0 - (6 - 2)).
-4
Calculate -141 + 144 + (-1 - -1).
3
6 - 4 - (6 + -8 + 5)
-1
Calculate (-2 - (-8 + 1 + 5)) + 9.
9
What is -12 + -2 + 7 + 5?
-2
Evaluate 5 + (9 - 25) + 17.
6
(0 - -2) + 3 + -6
-1
What is the value of (6 - -3) + 3 - 19?
-7
What is (-6 - -8) + -6 + 5?
1
0 - ((2 - (6 - 11)) + 0)
-7
Evaluate 0 + 8 - (38 + -34).
4
1 + (-1 - 5) - 0
-5
Evaluate -4 - (12 - (-7 + (7 - -8))).
-8
What is the value of (4 - -3 - 8) + (5 - 0)?
4
Evaluate 3 - (1 - (-3 + 2) - 1).
2
What is (5 - (3 - 2)) + 2?
6
(-4 - -2) + (0 - (2 + -2))
-2
0 - (-1 - (4 - (-2 - -7)))
0
Calculate -6 + 2 + 0 - (4 + -3).
-5
6 + -8 + -12 + 12
-2
What is the value of (-9 - (-10 + 5)) + 2 + 0?
-2
What is the value of (1 + 0 - -5) + 140 + -147?
-1
What is (0 - (0 + -6 - -5)) + -5?
-4
What is the value of 0 - (2 - -4) - (-1 - 4)?
-1
Calculate -2 - (-7 - -5) - 0.
0
Evaluate 2 + (-6 - (3 - 2)).
-5
Calculate -5 + -11 + 9 - -9.
2
What is (-46 - -45) + -1 + -4?
-6
What is the value of -7 + 17 + -15 - (2 + -13)?
6
(-16 - -10) + 7 + -2
-1
5 + (15 - 10) + (-12 - 1)
-3
What is the value of -4 + 2 + 3 + -3?
-2
Calculate (-2 - 1 - -3) + 3 + -8.
-5
0 + (-1 - (5 + -2) - -2)
-2
Calculate 63 + -61 - (6 + -1 + -2).
-1
What is the value of 1 - 7 - -12 - 7?
-1
7 + -10 + 8 + (0 - 4)
1
Evaluate -1 + 2 + -4 - (-9 + 6).
0
Evaluate 5 - ((2 - 0) + (3 - 5)).
5
(3 - (1 - -2)) + -1 + -4
-5
Evaluate 14 - 10 - (2 + (-1 - 0)).
3
What is the value of (-2 - (-5 - -3)) + -2 + -1?
-3
What is the value of 0 + 2 + -4 + 0?
-2
Calculate 6 + -1 + -7 + 2 - -5.
5
What is 1 + -7 + 6 + 0 + -1?
-1
What is 2 + (-5 - (3 + -5))?
-1
Calculate -1 - -4 - 2 - 6.
-5
Evaluate 6 + -1 - (6 + 2).
-3
76 - 84 - (-14 + 1)
5
-4 + (-3 - 0 - -10) - 2
1
Calculate -5 + -3 - -2 - -5 - 2.
-3
Calculate -2 + 1 + -5 + 1 + 3.
-2
Evaluate -7 + (-3 - (-8 - 3)).
1
What is the value of -5 + 8 - (11 - (0 - -2))?
-6
-6 + 7 + -10 + 4
-5
Calculate -2 - -9 - (13 + -5).
-1
3 + 8 + 0 + -5
6
What is -11 + (3 + 4 - (0 + 3))?
-7
-4 - -1 - (4 - 7)
0
What is -7 + (6 - -3 - 5)?
-3
Evaluate 22 + -29 + 3 + 11.
7
What is the value of 24 + -18 + -2 + 0 + -2?
2
Evaluate 14 + -7 + -2 + 0.
5
-9 - (1 - (9 - 5))
-6
What is 1 + -5 - (-5 + (2 - 0))?
-1
9 + -2 + 20 + -20 - 4
3
What is (-20 - -28) + (0 - 3)?
5
Calculate 1 - (6 - (5 - (-1 - -6))).
-5
What is the value of 5 + -2 - -1 - (4 - 4)?
4
Evaluate -1 - (-5 + (1 - 6)).
9
Evaluate 8 + -1 + -7 + 14 + -5.
9
6 + 0 - (10 + -8)
4
Calculate (-1 - -3) + (-20 - -14).
-4
What is 3 + -4 + 6 - 9?
-4
Calculate -2 + -1 + (6 + 0 - -2).
5
What is the value of (-6 - (-2 + -5)) + -9?
-8
Evaluate 9 + 1 - (-9 - (-2 - 10)).
7
What is 4 + -2 + (-4 - (6 - 6))?
-2
Evaluate -13 - (-1 + -5 + 3) - -3.
-7
-3 - 0 - (-2 + -2 + 2)
-1
Evaluate 2 + (-3 - -4) - (-3 + 0).
6
Calculate 1 + (2 - (-4 + -2)) + -4.
5
Calculate (1 - 0) + -132 + 138.
7
What is 7 + -16 - -8 - (0 - 4)?
3
Calculate (-1 - 3) + (4 - -3) + -4.
-1
What is the value of (2 - -11) + (-3 - 13)?
-3
(2 - 9) + 19 - 6 - 15
-9
Evaluate (4 - 7 - -3) + -1 + -2.
-3
What is the value of (23 - 22) + (0 - 1)?
0
Calculate 3 - 2 - 3 - -12 - 5.
5
What is (-2 - (-6 - -3)) + -6?
-5
-6 + 2 + -1 - -3 - 3
-5
Evaluate -1 + 6 + (8 - 15).
-2
Evaluate 20 - 2 - 2 - 10.
6
Evaluate 7 - (4 + (2 - (-5 + 1))).
-3
Calculate -4 + 1 + (-5 - -3).
-5
What is 0 + 3 + (-2 - (-4 - -1))?
4
What is (0 - -1 - -2) + -1 - -7?
9
What is -8 - -1 - (-1 + -10)?
4
Calculate 1 - 7 - (1 - (12 - 4)).
1
What is the value of -3 + 3 + (-2 - -3) + 3?
4
What is (-25 - -13) + -5 - -10?
-7
What is -3 + (2 - -2 - (-4 - 2))?
7
Calculate 6 + (3 - 14 - (-3 - 2)).
0
Evaluate (-3 - (0 - -1)) + (-7 - -11).
0
What is 1 - (-7 - -3 - (-9 + 1))?
-3
Evaluate -4 - (-11 - (2 + -3)) - 5.
1
Evaluate -5 + 8 + (-5 - 1).
-3
-1 + (2 - 7 - -11)
5
-11 + (0 - -10) + 4
3
What is (-3 - 1 - 1) + 1?
-4
Evaluate 3 - (1 - (5 + -10)).
-3
Evaluate -6 + (12 - (-5 - -1 - -5)).
5
Evaluate (-4 - -1) + 3 + 6 + -5.
1
Calculate 5 + 5 + -16 + 3.
-3
Evaluate 0 + 3 + -1 - (-5 - -6).
1
Calculate 1 + (-1 - -3) + -4.
-1
Evaluate 1 - (4 + 0 + -1).
-2
Evaluate -3 + (11 - 2) - 4.
2
What is the value of -10 - 0 - (-3 + -4)?
-3
7 + -4 + (2 - 0)
5
What is -2 + 0 + (-9 - -8)?
-3
8 - (3 + -4 + 6)
3
What is 0 + -2 - -8 - (-4 - -7)?
3
Calculate 12 - (-9 - 3 - -20).
4
Evaluate 0 + -11 + 6 - (-2 - 4).
1
Calculate -5 + 1 - (-17 + 9).
4
What is the value of 4 + 2 - (-13 - -15)?
4
What is the value of 7 + -2 + (4 + -9 - -3)?
3
What is the value of -2 + 8 + (5 - 6)?
5
Calculate -6 - (0 + -7 + 7) - 4.
-10
What is 2 - 0 - (11 - (-2 - -19))?
8
0 + -2 - (5 + -2 + 0)
-5
Calculate -24 + 14 - -9 - (0 - 3).
2
What is the value of 1 + -8 - -9 - -1?
3
Evaluate -5 - (-1 + 2) - -7.
1
Evaluate -3 - (-2 + -4) - 4.
-1
Evaluate -6 + 3 + -1 + 7 + -2.
1
What is 0 + -1 + 1 - -3 - 4?
-1
What is 1 - -3 - 8 - -9?
5
Evaluate -18 + 8 - -5 - -12.
7
What is the value of -14 + 21 - (11 - 0)?
-4
Calculate -11 + (-11 - -34) - 9.
3
What is the value of -3 + 11 + -10 + 1?
-1
What is -6 + (2 + -7 - -10)?
-1
Evaluate 0 + 10 + (-3 - 2) + -1.
4
What is the value of (-1 - -3) + -3 + (-2 - -6)?
3
What is the value of -6 + -4 + 4 - -9?
3
Evaluate 12 + -2 + (-3 - -5) + -2.
10
What is the value of (-35 - -42) + 0 + -7?
0
-3 + (12 - 9) - (1 + -1)
0
What is the value of -5 - (-2 + -1 + 2 + 0)?
-4
Calculate -4 + 5 - (-6 - (2 + -1)).
8
What is -4 + -2 + 2 + -5 + 3?
-6
What is the value of 4 + 4 + -3 + -2 + 3?
6
Evaluate (4 + -15 - -9) + -6.
-8
What is the value of (1 - -1) + (3 - 8) - 0?
-3
-4 + 5 + (-5 - -6) + 0
2
What is the value of (-3 - (-6 + 6)) + (6 - 0)?
3
What is the value of -7 - (-9 - 6) - (1 + 1)?
6
1 + -3 + (-1 - -9)
6
-3 - (-13 + 3 - -3) - 5
-1
What is -8 + 2 + 1 + 10?
5
-1 - -8 - -2 - (3 + 2)
4
Evaluate -3 + 3 + -4 + 1.
-3
(-3 - (1 + -3)) + 25 + -26
-2
What is the value of 4 + (3 - 2) + -5?
0
What is the value of 4 - (-3 - 0 - -13) - -2?
-4
What is the value of 4 + -2 + (2 - 0)?
4
What is 13 + (-7 + -5 - -5)?
6
4 + -1 + 1 + 3 + -2
5
What is the value of -5 + (-10 - -18) - 0?
3
What is the value of (89 - 95) + (7 - -2)?
3
What is 19 + -19 - (-1 + (0 - -4))?
-3
What is 1 + (0 - 3 - 2)?
-4
What is 2 + -3 + 0 + -2 + 6?
3
(-2 + -1 - -6) + -1 + 5
7
Evaluate -34 + 35 - ((-3 - 0) + 2).
2
What is -1 + 1 - -2 - (-1 - -6)?
-3
Calculate (-10 - -4) + 5 - 0.
-1
Calculate 4 + (-11 - (0 - 2)).
-5
Evaluate 7 + -7 + 1 + -7.
-6
What is -31 + 19 - (3 - 10)?
-5
Evaluate 3 - 9 - (-2 + -2).
-2
What is -10 + 4 - (-9 - (-6 + 1))?
-2
0 + -2 - (1 + 6 + -8)
-1
Evaluate -7 + (5 - (-5 - 2)).
5
0 - (2 + -4) - 1
1
Evaluate -4 - 1 - (-6 - -2).
-1
-3 - (-4 + (0 - -2) + -4)
3
Evaluate 1 - (-2 + (-1 - -4)).
0
Evaluate (1 - 0) + -4 - 2.
-5
9 + -8 + (6 - 5 - 3)
-1
What is (-32 - -37) + (0 - 5)?
0
Calculate 7 - 3 - (-2 - -1).
5
What is (-42 - -46) + 2 + -10?
-4
What is -1 + 3 - (10 + -8 + 2)?
-2
Evaluate 4 + -2 + (3 - (1 - -6)).
-2
What is -1 + 5 - (-5 + 15)?
-6
Calculate -1 + -13 + 12 + 2 + 4.
4
What is 0 + (-4 - -1 - (7 - 1))?
-9
What is (5 + -7 - (2 + -2)) + 3?
1
Evaluate 0 + (0 - -6) + (-29 - -25).
2
What is the value of (-5 - (3 - 7)) + 0?
-1
-4 + (-8 - (-1 - (2 + 2)))
-7
What is the value of (-19 - (6 + -14)) + (3 - -2)?
-6
What is (61 - 57) + (-1 - -1)?
4
(1 + -4 - -1) + 1 + -1
-2
What is the value of 7 + -2 - (-4 + 8)?
1
What is 7 + -2 - ((1 - -8) + 0)?
-4
What is -20 + -5 + 12 + 14?
1
Evaluate (1 - 12 -